 - 285. Give d(-30).
105
Let h(c) = 22477*c**2 - 876600*c - 95. Calculate h(39).
22
Let g(u) = 2*u**3 - 117*u**2 + 750*u + 783. Give g(51).
18
Let c(q) = -9243*q - 82674. Calculate c(-9).
513
Let w(z) = -39*z**2 + 4260*z + 3440. Give w(110).
140
Let t(r) = -3*r**3 + 177*r**2 - 40*r + 923. What is t(59)?
-1437
Let u(y) = -y**2 - 5004*y - 129433. Determine u(-26).
-5
Let z(k) = -21*k**2 - 540*k - 377. What is z(-25)?
-2
Let y(u) = -28797*u - 144010. What is y(-5)?
-25
Let w(i) = i**3 - 121*i**2 - 1616*i + 2674. What is w(133)?
14
Let d(y) = 91*y**2 - 5905*y - 646. Determine d(65).
4
Let q(o) = 17*o**3 - 19*o + 38. Determine q(5).
2068
Let i(j) = -19*j**3 - 65*j**2 - 29*j + 2. Determine i(-1).
-15
Let c(d) = -26*d**2 - 118*d + 360. Determine c(-7).
-88
Let s(v) = -42557*v - 20427361. Determine s(-480).
-1
Let j(d) = -2149*d + 152554. Give j(71).
-25
Let q(i) = -514*i - 1016. Give q(-3).
526
Let y(i) = -i**3 + 58*i**2 - 605*i + 2. Give y(14).
156
Let x(h) = h**3 + 19*h**2 + 107*h + 1213. Calculate x(-17).
-28
Let f(r) = -1267*r + 9482. Give f(7).
613
Let q(n) = 16696*n + 83477. Calculate q(-5).
-3
Let i(r) = -75*r**2 - 81*r + 128. Calculate i(-2).
-10
Let f(w) = 10*w**3 - 73*w**2 - 288*w - 3. Calculate f(-3).
-66
Let v(b) = -4121909*b + 4121903. Calculate v(1).
-6
Let n(l) = -2*l - 295. Give n(90).
-475
Let h(j) = -317*j**2 + 7603*j + 131. Determine h(24).
11
Let k(b) = 4*b**2 + 118*b - 440. Determine k(-24).
-968
Let a(u) = -u**3 + 12*u**2 + 75*u - 44. Give a(22).
-3234
Let u(m) = 4*m**3 + 433*m**2 + 11518*m + 139. Determine u(-47).
-2
Let p(j) = -93*j - 3547. What is p(-12)?
-2431
Let w(x) = -15696*x - 470892. Calculate w(-30).
-12
Let d(o) = -4*o**3 + 1363*o**2 - 1012*o - 3252. What is d(340)?
-532
Let v(m) = 87*m**2 - 1404*m - 155. Give v(15).
-1640
Let y(q) = -61302*q - 1348623. Give y(-22).
21
Let v(p) = 139*p**2 - 19. What is v(0)?
-19
Let w(h) = 666*h + 181583. Calculate w(-275).
-1567
Let j(b) = b**2 - 15*b - 160. Determine j(-7).
-6
Let u(o) = 9*o**3 + 88*o**2 + 87*o - 1022. Determine u(3).
274
Let f(d) = -92*d + 863. What is f(10)?
-57
Let w(q) = 12*q**2 - 5771*q + 11546. Give w(2).
52
Let w(d) = 2*d**3 - 62*d**2 + 392*d - 3446. What is w(26)?
-14
Let x(j) = -111*j + 4474. Give x(24).
1810
Let n(p) = -p**3 - 428*p**2 + 6659*p + 6240. Give n(-443).
38
Let j(n) = -1647*n - 59290. Determine j(-36).
2
Let b(d) = -5*d**3 + 420*d**2 - 746*d - 6057. Determine b(82).
11
Let h(q) = 3*q**2 - 11168*q - 474338. Calculate h(-42).
10
Let j(k) = -96*k**2 + 292*k - 1132. What is j(4)?
-1500
Let v(d) = -1399*d - 3397. Determine v(-3).
800
Let p(c) = -6*c**3 - 27*c**2 - 9*c + 5. What is p(5)?
-1465
Let l(f) = -2*f**3 + 282*f**2 + 1494*f - 4885. Give l(146).
79
Let k(h) = 9*h**3 - 38*h**2 + 64*h - 211. Give k(5).
284
Let s(y) = -43*y**2 + 4472*y + 27. What is s(104)?
27
Let j(h) = h**3 - 149*h**2 - 932*h + 489. What is j(155)?
179
Let y(t) = 3*t**2 - 307*t + 2434. Give y(94).
84
Let u(g) = 2*g**3 - 484*g**2 + 21845*g - 129. Give u(60).
171
Let c(b) = 33*b**2 + 81*b - 1166. What is c(10)?
2944
Let c(n) = 64*n**3 + 6015*n**2 - 103*n - 1152. What is c(-94)?
-306
Let k(v) = 39*v**2 - 52*v - 174. Give k(-4).
658
Let l(c) = -169*c**3 + 49*c**2 + 59*c + 9. Calculate l(-1).
168
Let z(i) = -177*i + 68183. What is z(386)?
-139
Let j(u) = 259*u - 2059. What is j(14)?
1567
Let k(n) = -14269*n + 29791. Calculate k(2).
1253
Let o(h) = 2*h**3 + 135*h**2 + 65*h - 179. Calculate o(-67).
-45
Let u(j) = -19641*j + 95337. Determine u(5).
-2868
Let s(a) = 29950*a + 149743. What is s(-5)?
-7
Let n(u) = 72*u**2 - 2240*u + 191. Calculate n(31).
-57
Let h(z) = 2683*z + 13747. Calculate h(-5).
332
Let t(q) = 386*q**2 - 2435*q + 26. Determine t(6).
-688
Let t(b) = -955*b - 557. Determine t(0).
-557
Let q(x) = -87509*x + 787448. Give q(9).
-133
Let z(b) = 2*b**2 - 407*b + 6334. What is z(17)?
-7
Let g(u) = 532*u - 11923. Determine g(23).
313
Let y(o) = -687*o + 64582. Give y(94).
4
Let j(g) = g**3 + 92*g**2 - 16659*g - 1083. What is j(-183)?
15
Let x(k) = -3164*k + 91757. What is x(29)?
1
Let g(k) = k**3 + 38*k**2 - 151*k - 4276. What is g(-39)?
92
Let r(b) = 5868*b + 29884. Give r(-5).
544
Let i(q) = -2*q**3 + 273*q**2 - 9131*q + 407. Determine i(78).
17
Let t(c) = -40*c**2 + 891*c - 371. Determine t(22).
-129
Let o(k) = -k**3 + 837*k**2 - 49506*k + 2189. Determine o(64).
13
Let v(i) = -4975*i + 562168. Calculate v(113).
-7
Let y(b) = -2930*b - 163983. Calculate y(-56).
97
Let x(c) = -16*c**2 - 3075*c - 24170. Determine x(-184).
-66
Let z(w) = 23*w**2 - 4645*w + 94670. Give z(23).
2
Let d(f) = 3*f**3 + 432*f**2 + 1274*f + 27. Determine d(-141).
-678
Let b(u) = -u**3 - 35371*u + 106132. What is b(3)?
-8
Let k(r) = r**3 + 96*r**2 + 2265*r + 1000. Determine k(-40).
0
Let a(b) = -14*b - 63. Determine a(6).
-147
Let u(r) = r**3 - 898*r**2 - 6716*r + 1167967. Give u(904).
-1
Let r(o) = o**3 - 40*o**2 - 321*o + 9793. Give r(42).
-161
Let g(m) = 4677*m + 70155. Determine g(-15).
0
Let c(x) = 4617*x**2 - 37067*x + 1079. Give c(8).
31
Let o(n) = -334418*n - 5350694. What is o(-16)?
-6
Let h(j) = -2*j**2 - 63*j + 494. Calculate h(8).
-138
Let q(y) = 661*y - 1515. Determine q(3).
468
Let c(g) = -68*g - 8548. What is c(-116)?
-660
Let p(n) = 345165*n + 5522633. Give p(-16).
-7
Let l(k) = 10*k**2 - 162*k + 480. What is l(13)?
64
Let d(k) = 1215*k - 1277. Give d(1).
-62
Let x(l) = -l**3 + 57*l**2 - 414*l - 33. Give x(7).
-481
Let b(l) = -3*l**3 - l**2 - 408*l + 2. Calculate b(0).
2
Let p(l) = -31*l**3 + 410*l**2 + 210*l + 1751. Calculate p(14).
-13
Let n(f) = -18*f**3 - 190*f**2 + 96*f + 82. Determine n(-11).
-6
Let x(m) = m**2 + 719*m - 23989. Calculate x(32).
43
Let q(g) = 4*g**2 + 193*g + 2258. Determine q(-20).
-2
Let c(q) = -501*q + 2015. What is c(4)?
11
Let h(v) = -v**3 - 16*v**2 - 21401*v - 128032. Calculate h(-6).
14
Let h(p) = 4*p**3 + 896*p**2 - 1812*p + 9. What is h(2)?
1
Let r(h) = -h**3 - 38*h**2 - 162*h + 206. What is r(-6)?
26
Let x(q) = 103*q + 25358. What is x(-249)?
-289
Let f(z) = 3060*z - 58172. Calculate f(19).
-32
Let g(h) = -46931*h - 187743. Give g(-4).
-19
Let u(p) = 7*p**3 - 17*p**2 - p - 22. Determine u(3).
11
Let h(u) = 1659*u + 3467. Give h(-2).
149
Let i(o) = 974*o + 7849. Determine i(-8).
57
Let v(w) = w**3 - 365*w**2 + 3898*w - 39. Give v(11).
5
Let w(r) = -r**3 + 6*r**2 - 45*r + 63. Calculate w(5).
-137
Let b(i) = 85897*i + 257720. Determine b(-3).
29
Let f(i) = 6*i**2 + 19241*i - 251114. Give f(13).
33
Let h(m) = -6*m**3 - 188*m**2 - 528*m + 48. Calculate h(-3).
102
Let j(z) = -39959*z + 159617. Calculate j(4).
-219
Let x(m) = m**2 - 262*m + 1054. Give x(0).
1054
Let p(b) = 8*b**2 - 1435*b - 5899. Give p(-4).
-31
Let s(r) = -169*r + 11047. Determine s(71).
-952
Let t(p) = -15807*p - 1169726. Calculate t(-74).
-8
Let f(s) = -5308*s + 445873. Calculate f(84).
1
Let u(t) = -58*t**2 - 1108*t + 2228. Determine u(-21).
-82
Let c(d) = -6*d**2 + 1179*d + 7145. Give c(202).
479
Let m(s) = -5*s**2 - 286*s - 162. What is m(-58)?
-394
Let p(f) = 84*f**2 + 897*f + 564. What is p(-10)?
-6
Let p(l) = l**3 + 391*l**2 - 8643*l + 3684. What is p(-412)?
-24
Let h(z) = -3*z**3 - 131*z**2 - 1215*z - 62759. What is h(-45)?
16
Let h(j) = 419*j + 2766. Determine h(-8).
-586
Let y(v) = -1586*v - 72923. Calculate y(-46).
33
Let x(n) = -7*n**2 + 4492*n - 7685. Give x(640).
-5
Let d(h) = h**2 - 593*h + 49325. What is d(102)?
-757
Let a(j) = j**3 - 12*j**2 + 1550*j - 4550. Give a(3).
19
Let c(h) = h**3 + 24*h**2 + 42*h + 238. Determine c(-19).
1245
Let n(h) = -3*h**2 - 446*h + 7573. Determine n(-164).
29
Let o(l) = -824*l - 15620. Give o(-19).
36
Let a(d) = d**3 - 26*d**2 - 971*d + 25248. Give a(26).
2
Let c(m) = 3266*m + 42336. Determine c(-13).
-122
Let v(q) = q**3 + 360*q**2 + 1771*q - 17. Calculate v(-5).
3
Let n(a) = -3*a**3 + 6*a**2 + 51*a + 42. What is n(-3)?
24
Let d(y) = -4*y**2 + 7*y + 11. Give d(-2).
-19
Let a(d) = -74870*d + 2919919. Calculate a(39).
-11
Let s(c) = -11*c**2 - 6155*c + 37081. Calculate s(6).
-245
Let f(u) = 3293*u - 2467. Give f(1).
826
Let j(m) = 55*m**2 + 1380*m + 8646. Calculate j(-12).
6
Let o(x) = -3977*x + 2645. Determine o(0).
2645
Let n(y) = 2*y**3 - 203*y**2 - 289*y - 1365. What is n(103)?
695
Let t(n) = 2*n**3 - n**2 - 2690*n - 200. Calculate t(0).